-30). Let m be j + -54 - (1 + -127). What is the highest common factor of g and m?
11
Suppose 234 = 5*o - 3*o - x, -3*x - 107 = -o. Let q be (-105)/(-15) - (-45 + 1). What is the highest common factor of o and q?
17
Suppose -4*d + 134 + 122 = 0. Suppose -202*k + 6983 = -2713. What is the highest common factor of k and d?
16
Let x(n) = -n + 4. Let s be x(9). Let r be (-6480)/(-96) - s/(-2). What is the greatest common divisor of r and 5?
5
Suppose -2234 = 15*j - 69*j - 74. What is the greatest common factor of 215 and j?
5
Suppose 3*g = 2*m + 34, -3*g + 62 = 23*m - 18*m. Suppose -b = 25 - 74. Calculate the highest common factor of g and b.
7
Let t = -15170 - -15190. Let w(g) = 14*g + 8. Let o(u) = -5*u - 3. Let p(d) = 17*o(d) + 6*w(d). Let c be p(-7). What is the highest common factor of c and t?
4
Let x = -71 - -100. Suppose -x = -3*a + 127. Suppose -5*k + 8*k = 78. Calculate the greatest common factor of a and k.
26
Let w = -4035 - -4440. What is the highest common divisor of 75 and w?
15
Let j = 2393 - 1988. What is the highest common divisor of 60 and j?
15
Let r be -1*16/28 - (151580/(-77) - 20). What is the greatest common factor of r and 196?
28
Let b(y) = 98*y - 1540. Let q be b(18). Calculate the greatest common factor of q and 4832.
32
Suppose 29*j - 25*j - 104 = -4*h, 132 = 5*j + 3*h. What is the greatest common divisor of j and 117?
9
Let c(w) = 3*w**2 + 17*w + 10. Let l be c(-5). Suppose -5*n + 3*n = -4*q - 76, n + 3*q - 13 = l. Calculate the highest common divisor of 28 and n.
28
Let v = -7991 + 8019. Suppose -4*u - 434 = -5*u. What is the greatest common factor of u and v?
14
Let d(o) = o**2 + 26*o + 132. Let a be d(-5). Calculate the highest common divisor of 837 and a.
27
Let j(t) = 21*t**2 + 7*t - 10. Let z be j(5). Let f be (z/125)/(2*1/20). Let r = f - 34. What is the greatest common divisor of 110 and r?
10
Let h(g) = g**2 - 140*g + 4536. Let x be h(98). Calculate the greatest common divisor of 735 and x.
105
Suppose -397 + 1101 + 3076 = 14*u. Calculate the highest common factor of u and 1480.
10
Let l be 2964/54 + (-40)/(-36). Suppose 4*f = -f + 35. Calculate the highest common divisor of f and l.
7
Let r = -64 + -76. Let s be ((-1230)/(-25))/((-42)/r). Calculate the greatest common factor of 123 and s.
41
Let k(i) = i**2 - 61*i - 397. Let m be k(-6). Calculate the greatest common factor of m and 500.
5
Let n = 2612 - 721. Calculate the highest common factor of n and 244.
61
Let o(j) = 24*j**3 + 4*j. Let c be o(-2). Let h be (156/16)/((-15)/c). Calculate the highest common factor of 5 and h.
5
Suppose -130 = -138*x + 125*x. Let b be 1*125*-2*-1*1. What is the greatest common factor of x and b?
10
Let j(v) = -v + 4. Let d be j(-4). Suppose 4*g = d*y - 3*y - 445, -2*y = -g - 181. Suppose 0 = -7*z - 6*z + 403. What is the greatest common factor of y and z?
31
Let d(c) = 100*c - 44. Suppose -34*a + 20*a = -42. Let g be d(a). What is the greatest common factor of 32 and g?
32
Let t be 27*10*(-60)/(-18). Suppose -17*k + t = -12*k. Let a be (-2 - 44/(-16))*16*5. What is the greatest common factor of a and k?
60
Suppose 4*z = 2*m - m - 5, m = -4*z + 5. Suppose z = 49*y + 11*y - 5520. Calculate the greatest common factor of y and 230.
46
Suppose -25*b - 55139 + 173410 + 89229 = 0. What is the greatest common divisor of b and 40?
20
Let x(u) be the first derivative of -u**3/3 - 8*u**2 - 2*u + 22. Let m be x(-7). What is the highest common divisor of m and 61?
61
Let j(l) = 3119*l + 1781. Let m be j(5). What is the highest common factor of m and 96?
96
Let h be ((-112)/(-140)*(-30)/28)/((-6)/112). What is the highest common divisor of 112 and h?
16
Let h = 16074 + -16039. Let s = 18 + 27. What is the highest common divisor of h and s?
5
Let u be 3153 - (9/(-21) + (150/(-21))/2). Calculate the highest common divisor of 154 and u.
77
Suppose 13*f = -y + 10*f - 28, 3*y = -f - 116. Let c be (8/(y/35))/(-1). Calculate the highest common divisor of c and 364.
7
Let h = 4122 + -4109. What is the highest common factor of 39 and h?
13
Suppose 273*z = -13*z + 37*z + 693216. What is the greatest common divisor of z and 324?
12
Let v(i) = -7*i - 28. Let s be v(-5). Let w = -746 - -795. What is the greatest common factor of s and w?
7
Let n be 2112/88*(-14)/18*(-3156)/1. Calculate the greatest common factor of n and 224.
224
Let r(s) be the second derivative of -s**3/6 - 7*s**2/2 - 13*s - 1. Let a be r(-10). Calculate the highest common factor of a and 6.
3
Let s(b) = 2*b**2 + 87*b + 144. Let w be s(-42). What is the highest common divisor of w and 1107?
9
Suppose -53 + 71 = 9*f. Suppose -5*b + 340 = -b. Suppose b - 45 = f*r. Calculate the greatest common factor of r and 10.
10
Let l(u) = 11*u**2 - 5*u + 9. Let b be l(2). Let r = b - 43. Suppose 8*g - g - 616 = r. Calculate the greatest common divisor of g and 11.
11
Let h(i) = -965*i - 20. Let q be h(-1). What is the highest common factor of q and 28?
7
Let m(c) = -c**3 - 38*c**2 - 397*c + 13. Let y be m(-14). What is the highest common divisor of y and 1?
1
Suppose 12 = -3*o + t - 4*t, 2*o - 4*t = -38. Let b = -15 - o. Let x be (-382)/(-3) - -4 - 4/b. What is the highest common factor of 12 and x?
12
Let a = 8316 - 7839. What is the highest common divisor of a and 2544?
159
Suppose 0 = 8*g + 38*g - 25116. Let o be (78/36)/(7/g). What is the highest common divisor of 65 and o?
13
Let j = -1651 + 1680. What is the greatest common divisor of j and 1073?
29
Let l = -8116 - -8353. What is the highest common factor of l and 21804?
237
Let r = -16 - 20. Let o = 162 - 184. Let g = o - r. What is the greatest common divisor of 14 and g?
14
Suppose 1962 = -7*w + 2109. What is the greatest common divisor of w and 35385?
21
Suppose -326*a + 404*a - 114816 = 0. Calculate the highest common divisor of a and 161.
23
Let b = 34433 + -34395. Let v be (-2 - -20)*38/2. Calculate the highest common factor of v and b.
38
Let q be 8 - (2 + 0 + -2). Let b be (6 + 0)*4/q. Suppose 402*g - 244 - 25 = 133. Calculate the highest common divisor of g and b.
1
Suppose -3 = -3*d - 0, -x = -d - 44. Let p be 139/5 - (-5922)/(-2115). What is the highest common divisor of p and x?
5
Let s = -5594 + 10328. What is the highest common factor of s and 18?
18
Let k = 6647 - 6581. Calculate the greatest common factor of 6 and k.
6
Suppose 3*u + 70*l - 69*l = 656, 3*u - 2*l - 659 = 0. Calculate the greatest common factor of u and 10147.
73
Suppose 0 = -5*a - 12*g + 17*g - 145, -a - g = 35. Let m = a - -59. Let j(y) = 3*y**2 - 6*y + 3. Let x be j(-5). Calculate the highest common factor of x and m.
27
Let l = 44 + 52. Suppose -5*g = -2*f + 17, -f - f = 4*g + 10. Let y be 25/(-15)*-15 - f. What is the greatest common divisor of y and l?
24
Suppose z = 2*z - 30. Let p(f) = 243*f**2 - 3*f. Let j be p(1). Let g be (j/32)/(39/18 + -2). Calculate the greatest common divisor of g and z.
15
Suppose j = 2*b - 180, -4*b - 6*j + 3*j = -360. Calculate the highest common factor of 522 and b.
18
Suppose 177*u + 400 = -187*u + 380*u. Calculate the highest common divisor of 195 and u.
5
Suppose q - 28 = -3*y + 36, -20 = -5*q. What is the greatest common factor of 25580 and y?
20
Suppose -47*l + 955 - 113 = -4. Calculate the greatest common divisor of l and 2763.
9
Suppose 0 = c - 2*y - 626, -2*c + 895 = y - 332. Suppose -6*s + 7*s = c. Suppose -3*x + s = 4*x. Calculate the greatest common divisor of 11 and x.
11
Let c be ((-49)/(-2))/(16/64). Suppose 4*j = 67 + 149. Suppose -v = -0*p + p - 10, 3*p = 3*v + j. Calculate the greatest common divisor of c and p.
14
Let t(n) = 117*n - 1423. Let q be t(13). Calculate the greatest common divisor of 490 and q.
98
Let f = 270 - -123. Suppose f - 113 = 2*c + 4*i, 281 = 2*c + 5*i. Calculate the greatest common factor of c and 6.
6
Suppose -52207 = 112*w - 144495. Calculate the highest common factor of w and 136.
8
Let q be (36/36*(-1 - -35))/(14/21). What is the highest common divisor of 16881 and q?
51
Suppose -3*k = -4*f + 12, 2*k - 3*k + f = 3. Suppose -3*v - v - 316 = k. Let h = v - -159. Calculate the highest common factor of h and 32.
16
Let n be (0 - -8)*325/26. Calculate the highest common divisor of 160 and n.
20
Let d(p) = -p**2 - 12*p + 292. Let v be d(14). Let i be 13772/16 - 3*6/v. What is the gre